3119
In base 13, what is 46b + -4b856?
-4b3b8
In base 13, what is -37 + -679a75?
-679aac
In base 4, what is 1023 + 321122322221?
321122323310
In base 7, what is 0 - 326513?
-326513
In base 3, what is 10101010022121 + 11?
10101010022202
In base 5, what is 344104 - -20012?
414121
In base 7, what is 526536261 + 5?
526536266
In base 4, what is 31 + 100302131101?
100302131132
In base 8, what is -3533 + 146375?
142642
In base 14, what is -4561a007 - 1?
-4561a008
In base 16, what is -1fba57 + 28?
-1fba2f
In base 11, what is -29224 - -377?
-28958
In base 10, what is 2100460 + -11?
2100449
In base 13, what is 148495 - -22?
1484b7
In base 15, what is -5 - -6ecb38?
6ecb33
In base 5, what is 1 + 34133321122?
34133321123
In base 10, what is -1641 - -17897?
16256
In base 14, what is -1a - -2ad1?
2ab5
In base 5, what is -22112334 - -44042?
-22013242
In base 16, what is 2f54 - 369?
2beb
In base 2, what is 1000101110110110010010 - 1010?
1000101110110110001000
In base 5, what is -1013 - 11300001?
-11301014
In base 15, what is 1168b + -70?
1161b
In base 16, what is b1 - -61b2?
6263
In base 10, what is -101446 - 20?
-101466
In base 15, what is 4a - 8245?
-81ea
In base 10, what is -76 + -7506?
-7582
In base 7, what is -121243 + -5342?
-126615
In base 3, what is 10002000 - 1000012?
2001211
In base 9, what is 145008 - 88?
144810
In base 7, what is -2 - 203542560?
-203542562
In base 4, what is -11011 - -1113322?
1102311
In base 3, what is -12120112222200 + -2?
-12120112222202
In base 11, what is -119672 + 30a?
-119363
In base 3, what is 21020201122112 - 10?
21020201122102
In base 6, what is -110 - 44033553?
-44034103
In base 3, what is -200022111102 + -22?
-200022111201
In base 13, what is 550 + -89a7?
-8457
In base 2, what is 10000000110110111 + -1101100001000?
1110011010101111
In base 10, what is -3 - -1993838?
1993835
In base 13, what is ac29 - -605b?
13c87
In base 2, what is 1100010 + -101010110011110010?
-101010110010010000
In base 3, what is -22021100112 + 1221121?
-22012101221
In base 9, what is 5010456 - -7?
5010464
In base 12, what is -433 - 289b4?
-29227
In base 15, what is 2152aa - -2a?
2152d5
In base 7, what is 22542333 - -142?
22542505
In base 14, what is 61 - 70876?
-70815
In base 7, what is -4 + 3220102051?
3220102044
In base 12, what is 108677 - -22?
108699
In base 8, what is -30473 + 7440?
-21033
In base 15, what is -9 - 13ab1e4?
-13ab1ed
In base 9, what is 682 - -8133?
8825
In base 11, what is -64115 - 26?
-64140
In base 3, what is 1 + 1011202022220?
1011202022221
In base 6, what is -115 - 3410450?
-3411005
In base 14, what is 20060a4 + 6?
20060aa
In base 4, what is -111300 - 23221?
-201121
In base 14, what is -1ca5 + 323?
-1982
In base 12, what is 340 - 12b5?
-b75
In base 12, what is 12499 - b8b0?
27a9
In base 7, what is -605 + 1664206?
1663301
In base 16, what is 3 - -68dc46?
68dc49
In base 10, what is -8243236 + 21?
-8243215
In base 3, what is -2 + 2002101022202?
2002101022200
In base 8, what is -2261471 + 5?
-2261464
In base 11, what is -18994 - -13110?
-5884
In base 3, what is -12001221210202 + 101?
-12001221210101
In base 13, what is c714 + -1c?
c6c5
In base 12, what is 13a9 - -b43?
2330
In base 15, what is 146e + -dd2?
58c
In base 15, what is 2 - -18349a?
18349c
In base 7, what is 13 - -255136?
255152
In base 11, what is 753 + 60809a?
608842
In base 12, what is 314 + -5869?
-5555
In base 12, what is -3 + 50169b?
501698
In base 14, what is -258 + -67a3?
-6a1b
In base 5, what is -233424 - -1223?
-232201
In base 4, what is -112212103001 - -1312?
-112212101023
In base 16, what is 84d + -3458?
-2c0b
In base 16, what is -1af075 + 37?
-1af03e
In base 12, what is 8007633 + 0?
8007633
In base 12, what is 1 - 9a6b32?
-9a6b31
In base 4, what is -31031 - -133302?
102211
In base 16, what is -27b - 70f6a?
-711e5
In base 15, what is 44dc7 - -16d?
45045
In base 2, what is 10101110111010010011001 + 1?
10101110111010010011010
In base 12, what is 30907b + 8?
309087
In base 8, what is -5451511332 + 1?
-5451511331
In base 8, what is -326013163 + 3?
-326013160
In base 3, what is -10010 - 220011010110?
-220011020120
In base 16, what is -61e + -596e?
-5f8c
In base 11, what is -5aaa9818 + -4?
-5aaa9821
In base 13, what is 42a5 + -17?
428b
In base 6, what is 205024210 - 245?
205023521
In base 15, what is -4 + -423412?
-423416
In base 15, what is -2 + -782c3aa?
-782c3ac
In base 4, what is -23220023 - 101032?
-23321121
In base 14, what is -242d6 - -100?
-241d6
In base 9, what is 10546417 - 5?
10546412
In base 9, what is 220 + -6250635?
-6250415
In base 16, what is -9 - e1b3e4?
-e1b3ed
In base 6, what is 3224424132 - 0?
3224424132
In base 16, what is ceb48d - 25?
ceb468
In base 3, what is -10111111101 - 10202210?
-10122021011
In base 9, what is -387205 + -2?
-387207
In base 9, what is -801341 + -48?
-801400
In base 12, what is -55 - -8573?
851a
In base 5, what is 440102 - 3242?
431310
In base 6, what is 10330524 - -11212?
10342140
In base 10, what is 6208 - 162?
6046
In base 4, what is 230111020302122 - 2?
230111020302120
In base 4, what is 1031021322 + 232?
1031022220
In base 10, what is -3 + 269464803?
269464800
In base 6, what is 14320 + 15435?
34155
In base 6, what is 5505433 - -135?
5510012
In base 15, what is 63 + -19d5e?
-19ceb
In base 6, what is 10050 + -2122133?
-2112043
In base 3, what is 122002212022111 - 0?
122002212022111
In base 6, what is 1011 + -453300?
-452245
In base 4, what is -12333000020020 - 3?
-12333000020023
In base 10, what is -10169 - 288?
-10457
In base 9, what is -375168418 + -5?
-375168424
In base 6, what is -1004132 + 1002?
-1003130
In base 14, what is ac381ca + 0?
ac381ca
In base 12, what is -3 + -485a69?
-485a70
In base 7, what is -1631 + -1255103?
-1260034
In base 11, what is -68 - -1157a5a?
11579a2
In base 7, what is 13205246 - -5?
13205254
In base 7, what is -32 - -554540?
554505
In base 11, what is 1565301 - -1?
1565302
In base 11, what is -232 + 11278a?
112558
In base 16, what is -15c6cd8 + 4?
-15c6cd4
In base 13, what is 651606 - 4?
651602
In base 3, what is -12 + -10021001020212022?
-10021001020212111
In base 13, what is 239 - 2030?
-1ac4
In base 16, what is -4 + 3263ca?
3263c6
In base 3, what is -1 - -2011002110220?
2011002110212
In base 12, what is 909 - -253b9?
26106
In base 3, what is 1110 - -212120202111022?
212120202112202
In base 3, what is -20220 - -121200211002?
121200120012
In base 2, what is 10010000000 - -100000010001010?
100010100001010
In base 2, what is -111111 + 10000101101110010110010?
10000101101110001110011
In base 10, what is 9063 + 3413?
12476
In base 2, what is 1011110011000110110010110010 - -100?
1011110011000110110010110110
In base 14, what is 3282 + d04?
4186
In base 16, what is 529e328 - c?
529e31c
In base 8, what is 425 - 1330?
-703
In base 3, what is 1012111021 + -121012?
1011220002
In base 14, what is -41c0122 - -9?
-41c0117
In base 6, what is -440451445 - 2?
-440451451
In base 4, what is 10122201102 + 0?
10122201102
In base 15, what is 31 - -40c08?
40c39
In base 8, what is -16 - -13132554?
13132536
In base 14, what is 86b7 + 30b?
89c4
In base 7, what is -32 - 12006036?
-12006101
In base 11, what is 85a6a04 + 4?
85a6a08
In base 7, what is 232005524 + -1?
232005523
In base 8, what is 1304 + 125543?
127047
In base 8, what is 104 + 370761?
371065
In base 3, what is 202 - -212001000000101?
212001000001010
In base 13, what is 8235 + 10?
8245
In base 7, what is -1630504156 - 1?
-1630504160
In base 12, what is 1425b0995 - 0?
1425b0995
In base 6, what is -50035 - -154513?
104434
In base 9, what is 77253 + -3460?
73683
In base 6, what is 1342520154 - -113?
1342520311
In base 14, what is -1009b82 - 4?
-1009b86
In base 13, what is 1 + 7a65c0?
7a65c1
In base 9, what is -412353 - 1218?
-413572
In base 13, what is 5069 + 554?
55c0
In base 4, what is 3022320 + 12?
3022332
In base 5, what is 10104333 - 44331?
10010002
In base 11, what is -40044 - -20a?
-3a935
In base 11, what is 8 - -1713673a?
17136747
In base 16, what is -5 - -6a23b9?
6a23b4
In base 3, what is -1000110122 - -122001?
-222211121
In base 8, what is 1 + 6307615?
6307616
In base 13, what is -bc58 - 3653?
-125ab
In base 6, what is 111 - -42415535?
42420050
In base 3, what is -12012101022000200 - 20?
-12012101022000220
In base 3, what is -101210001 - 201